{"id":1458,"date":"2022-05-30T11:32:36","date_gmt":"2022-05-30T11:32:36","guid":{"rendered":"http:\/\/ipcb-rj.com.br\/?page_id=1458"},"modified":"2022-05-30T11:32:36","modified_gmt":"2022-05-30T11:32:36","slug":"agenda-cultural-ok","status":"publish","type":"page","link":"http:\/\/ipcb-rj.com.br\/?page_id=1458","title":{"rendered":"AGENDA CULTURAL OK"},"content":{"rendered":"\t\t<div data-elementor-type=\"wp-page\" data-elementor-id=\"1458\" class=\"elementor elementor-1458\">\n\t\t\t\t\t\t<section class=\"elementor-section elementor-top-section elementor-element elementor-element-6a8cb327 elementor-section-boxed elementor-section-height-default elementor-section-height-default\" data-id=\"6a8cb327\" data-element_type=\"section\">\n\t\t\t\t\t\t<div class=\"elementor-container elementor-column-gap-default\">\n\t\t\t\t\t<div class=\"elementor-column elementor-col-100 elementor-top-column elementor-element elementor-element-619eb56b\" data-id=\"619eb56b\" data-element_type=\"column\">\n\t\t\t<div class=\"elementor-widget-wrap\">\n\t\t\t\t\t\t\t<\/div>\n\t\t<\/div>\n\t\t\t\t\t<\/div>\n\t\t<\/section>\n\t\t\t\t<section class=\"elementor-section elementor-top-section elementor-element elementor-element-aff99a6 elementor-section-boxed elementor-section-height-default elementor-section-height-default\" data-id=\"aff99a6\" data-element_type=\"section\">\n\t\t\t\t\t\t<div class=\"elementor-container elementor-column-gap-default\">\n\t\t\t\t\t<div class=\"elementor-column elementor-col-100 elementor-top-column elementor-element elementor-element-71f06ceb\" data-id=\"71f06ceb\" data-element_type=\"column\">\n\t\t\t<div class=\"elementor-widget-wrap elementor-element-populated\">\n\t\t\t\t\t\t<div class=\"elementor-element elementor-element-2bf3c327 elementor-widget elementor-widget-heading\" data-id=\"2bf3c327\" data-element_type=\"widget\" data-widget_type=\"heading.default\">\n\t\t\t\t<div class=\"elementor-widget-container\">\n\t\t\t<style>\/*! elementor - v3.21.0 - 08-05-2024 *\/\n.elementor-heading-title{padding:0;margin:0;line-height:1}.elementor-widget-heading .elementor-heading-title[class*=elementor-size-]>a{color:inherit;font-size:inherit;line-height:inherit}.elementor-widget-heading .elementor-heading-title.elementor-size-small{font-size:15px}.elementor-widget-heading .elementor-heading-title.elementor-size-medium{font-size:19px}.elementor-widget-heading .elementor-heading-title.elementor-size-large{font-size:29px}.elementor-widget-heading .elementor-heading-title.elementor-size-xl{font-size:39px}.elementor-widget-heading .elementor-heading-title.elementor-size-xxl{font-size:59px}<\/style><h2 class=\"elementor-heading-title elementor-size-default\">AGENDA CULTURAL<\/h2>\t\t<\/div>\n\t\t\t\t<\/div>\n\t\t\t\t\t<\/div>\n\t\t<\/div>\n\t\t\t\t\t<\/div>\n\t\t<\/section>\n\t\t\t\t<section class=\"elementor-section elementor-top-section elementor-element elementor-element-3e571b8e elementor-section-boxed elementor-section-height-default elementor-section-height-default\" data-id=\"3e571b8e\" data-element_type=\"section\">\n\t\t\t\t\t\t<div class=\"elementor-container elementor-column-gap-default\">\n\t\t\t\t\t<div class=\"elementor-column elementor-col-100 elementor-top-column elementor-element elementor-element-6bd5f308\" data-id=\"6bd5f308\" data-element_type=\"column\">\n\t\t\t<div class=\"elementor-widget-wrap elementor-element-populated\">\n\t\t\t\t\t\t<div class=\"elementor-element elementor-element-5d1a8cd5 elementor-grid-3 elementor-grid-tablet-2 elementor-grid-mobile-1 elementor-posts--thumbnail-top elementor-posts--show-avatar elementor-card-shadow-yes elementor-posts__hover-gradient elementor-widget elementor-widget-posts\" data-id=\"5d1a8cd5\" data-element_type=\"widget\" data-settings=\"{&quot;cards_columns&quot;:&quot;3&quot;,&quot;cards_columns_tablet&quot;:&quot;2&quot;,&quot;cards_columns_mobile&quot;:&quot;1&quot;,&quot;cards_row_gap&quot;:{&quot;unit&quot;:&quot;px&quot;,&quot;size&quot;:35,&quot;sizes&quot;:[]},&quot;cards_row_gap_tablet&quot;:{&quot;unit&quot;:&quot;px&quot;,&quot;size&quot;:&quot;&quot;,&quot;sizes&quot;:[]},&quot;cards_row_gap_mobile&quot;:{&quot;unit&quot;:&quot;px&quot;,&quot;size&quot;:&quot;&quot;,&quot;sizes&quot;:[]}}\" data-widget_type=\"posts.cards\">\n\t\t\t\t<div class=\"elementor-widget-container\">\n\t\t\t<link rel=\"stylesheet\" href=\"http:\/\/ipcb-rj.com.br\/wp-content\/plugins\/elementor-pro\/assets\/css\/widget-posts.min.css\">\t\t<div class=\"elementor-posts-container elementor-posts elementor-posts--skin-cards elementor-grid\">\n\t\t\t\t<article class=\"elementor-post elementor-grid-item post-1653 post type-post status-publish format-standard has-post-thumbnail hentry category-agenda-cultural\">\n\t\t\t<div class=\"elementor-post__card\">\n\t\t\t\t<a class=\"elementor-post__thumbnail__link\" href=\"http:\/\/ipcb-rj.com.br\/?p=1653\" ><div class=\"elementor-post__thumbnail\"><img fetchpriority=\"high\" decoding=\"async\" width=\"300\" height=\"200\" src=\"http:\/\/ipcb-rj.com.br\/wp-content\/uploads\/2023\/03\/Celebracao-Muzenza-300x200.jpg\" class=\"attachment-medium size-medium wp-image-1654\" alt=\"\" srcset=\"http:\/\/ipcb-rj.com.br\/wp-content\/uploads\/2023\/03\/Celebracao-Muzenza-300x200.jpg 300w, http:\/\/ipcb-rj.com.br\/wp-content\/uploads\/2023\/03\/Celebracao-Muzenza.jpg 600w\" sizes=\"(max-width: 300px) 100vw, 300px\" \/><\/div><\/a>\n\t\t\t\t<div class=\"elementor-post__badge\">Agenda Cultural<\/div>\n\t\t\t\t<div class=\"elementor-post__avatar\">\n\t\t\t<img alt='Dire\u00e7\u00e3o Cultural' src='https:\/\/secure.gravatar.com\/avatar\/404382722d0ff189f629fa041de2ecfbe646a0f2b6924b7c18620845f046e464?s=128&#038;d=mm&#038;r=g' srcset='https:\/\/secure.gravatar.com\/avatar\/404382722d0ff189f629fa041de2ecfbe646a0f2b6924b7c18620845f046e464?s=256&#038;d=mm&#038;r=g 2x' class='avatar avatar-128 photo' height='128' width='128' \/>\t\t<\/div>\n\t\t\t\t<div class=\"elementor-post__text\">\n\t\t\t\t<h3 class=\"elementor-post__title\">\n\t\t\t<a href=\"http:\/\/ipcb-rj.com.br\/?p=1653\" >\n\t\t\t\tCelebra\u00e7\u00e3o e mem\u00f3ria de Carukango\t\t\t<\/a>\n\t\t<\/h3>\n\t\t\t\t<div class=\"elementor-post__excerpt\">\n\t\t\t<p>No dia 31 de mar\u00e7o de 1831, iniciava-se a invas\u00e3o do Quilombo do Carukango, o maior do Estado do RJ pela terceira vez e comandada<\/p>\n\t\t<\/div>\n\t\t\t\t\t<a class=\"elementor-post__read-more\" href=\"http:\/\/ipcb-rj.com.br\/?p=1653\" >\n\t\t\t\tLEIA  \u00bb\t\t\t<\/a>\n\t\t\t\t<\/div>\n\t\t\t\t<div class=\"elementor-post__meta-data\">\n\t\t\t\t\t<span class=\"elementor-post-date\">\n\t\t\tMarch 29, 2023\t\t<\/span>\n\t\t\t\t<\/div>\n\t\t\t\t\t<\/div>\n\t\t<\/article>\n\t\t\t\t<article class=\"elementor-post elementor-grid-item post-447 post type-post status-publish format-standard has-post-thumbnail hentry category-agenda-cultural\">\n\t\t\t<div class=\"elementor-post__card\">\n\t\t\t\t<a class=\"elementor-post__thumbnail__link\" href=\"http:\/\/ipcb-rj.com.br\/?p=447\" ><div class=\"elementor-post__thumbnail\"><img decoding=\"async\" width=\"300\" height=\"199\" src=\"http:\/\/ipcb-rj.com.br\/wp-content\/uploads\/2018\/05\/feijoada-300x199.jpg\" class=\"attachment-medium size-medium wp-image-1448\" alt=\"\" srcset=\"http:\/\/ipcb-rj.com.br\/wp-content\/uploads\/2018\/05\/feijoada-300x199.jpg 300w, http:\/\/ipcb-rj.com.br\/wp-content\/uploads\/2018\/05\/feijoada-768x510.jpg 768w, http:\/\/ipcb-rj.com.br\/wp-content\/uploads\/2018\/05\/feijoada.jpg 1024w\" sizes=\"(max-width: 300px) 100vw, 300px\" \/><\/div><\/a>\n\t\t\t\t<div class=\"elementor-post__badge\">Agenda Cultural<\/div>\n\t\t\t\t<div class=\"elementor-post__avatar\">\n\t\t\t<img alt='Dire\u00e7\u00e3o Cultural' src='https:\/\/secure.gravatar.com\/avatar\/404382722d0ff189f629fa041de2ecfbe646a0f2b6924b7c18620845f046e464?s=128&#038;d=mm&#038;r=g' srcset='https:\/\/secure.gravatar.com\/avatar\/404382722d0ff189f629fa041de2ecfbe646a0f2b6924b7c18620845f046e464?s=256&#038;d=mm&#038;r=g 2x' class='avatar avatar-128 photo' height='128' width='128' \/>\t\t<\/div>\n\t\t\t\t<div class=\"elementor-post__text\">\n\t\t\t\t<h3 class=\"elementor-post__title\">\n\t\t\t<a href=\"http:\/\/ipcb-rj.com.br\/?p=447\" >\n\t\t\t\tVI Feijoada da Liberdade &#8211; Quilombo da Machadinha (Quissam\u00e3 &#8211; RJ)\t\t\t<\/a>\n\t\t<\/h3>\n\t\t\t\t<div class=\"elementor-post__excerpt\">\n\t\t\t<p>Uma viagem \u00e0s ra\u00edzes africanas. Assim pode ser definida a programa\u00e7\u00e3o elaborada para a VI Feijoada da Liberdade, que ser\u00e1 realizada neste s\u00e1bado (19), na<\/p>\n\t\t<\/div>\n\t\t\t\t\t<a class=\"elementor-post__read-more\" href=\"http:\/\/ipcb-rj.com.br\/?p=447\" >\n\t\t\t\tLEIA  \u00bb\t\t\t<\/a>\n\t\t\t\t<\/div>\n\t\t\t\t<div class=\"elementor-post__meta-data\">\n\t\t\t\t\t<span class=\"elementor-post-date\">\n\t\t\tMay 16, 2018\t\t<\/span>\n\t\t\t\t<\/div>\n\t\t\t\t\t<\/div>\n\t\t<\/article>\n\t\t\t\t<article class=\"elementor-post elementor-grid-item post-233 post type-post status-publish format-standard has-post-thumbnail hentry category-agenda-cultural\">\n\t\t\t<div class=\"elementor-post__card\">\n\t\t\t\t<a class=\"elementor-post__thumbnail__link\" href=\"http:\/\/ipcb-rj.com.br\/?p=233\" ><div class=\"elementor-post__thumbnail\"><img decoding=\"async\" width=\"300\" height=\"220\" src=\"http:\/\/ipcb-rj.com.br\/wp-content\/uploads\/2013\/02\/favelas-300x220.jpg\" class=\"attachment-medium size-medium wp-image-234\" alt=\"\" srcset=\"http:\/\/ipcb-rj.com.br\/wp-content\/uploads\/2013\/02\/favelas-300x220.jpg 300w, http:\/\/ipcb-rj.com.br\/wp-content\/uploads\/2013\/02\/favelas-320x235.jpg 320w, http:\/\/ipcb-rj.com.br\/wp-content\/uploads\/2013\/02\/favelas.jpg 640w\" sizes=\"(max-width: 300px) 100vw, 300px\" \/><\/div><\/a>\n\t\t\t\t<div class=\"elementor-post__badge\">Agenda Cultural<\/div>\n\t\t\t\t<div class=\"elementor-post__avatar\">\n\t\t\t<img alt='Dire\u00e7\u00e3o Cultural' src='https:\/\/secure.gravatar.com\/avatar\/404382722d0ff189f629fa041de2ecfbe646a0f2b6924b7c18620845f046e464?s=128&#038;d=mm&#038;r=g' srcset='https:\/\/secure.gravatar.com\/avatar\/404382722d0ff189f629fa041de2ecfbe646a0f2b6924b7c18620845f046e464?s=256&#038;d=mm&#038;r=g 2x' class='avatar avatar-128 photo' height='128' width='128' \/>\t\t<\/div>\n\t\t\t\t<div class=\"elementor-post__text\">\n\t\t\t\t<h3 class=\"elementor-post__title\">\n\t\t\t<a href=\"http:\/\/ipcb-rj.com.br\/?p=233\" >\n\t\t\t\tMapeamento cultural das Favelas\t\t\t<\/a>\n\t\t<\/h3>\n\t\t\t\t<div class=\"elementor-post__excerpt\">\n\t\t\t<p>Para o ge\u00f3grafo Jorge Barbosa, a favela tem uma riqueza e uma pluralidade cultural desconhecidas e n\u00e3o reconhecidas. Porque as pessoas podem at\u00e9 conhecer, mas<\/p>\n\t\t<\/div>\n\t\t\t\t\t<a class=\"elementor-post__read-more\" href=\"http:\/\/ipcb-rj.com.br\/?p=233\" >\n\t\t\t\tLEIA  \u00bb\t\t\t<\/a>\n\t\t\t\t<\/div>\n\t\t\t\t<div class=\"elementor-post__meta-data\">\n\t\t\t\t\t<span class=\"elementor-post-date\">\n\t\t\tFebruary 16, 2013\t\t<\/span>\n\t\t\t\t<\/div>\n\t\t\t\t\t<\/div>\n\t\t<\/article>\n\t\t\t\t<\/div>\n\n\n\t\t\n\t\t\t\t<\/div>\n\t\t\t\t<\/div>\n\t\t\t\t\t<\/div>\n\t\t<\/div>\n\t\t\t\t\t<\/div>\n\t\t<\/section>\n\t\t\t\t<\/div>\n\t\t","protected":false},"excerpt":{"rendered":"<p>AGENDA CULTURAL<\/p>\n","protected":false},"author":1,"featured_media":0,"parent":0,"menu_order":0,"comment_status":"closed","ping_status":"closed","template":"","meta":{"_monsterinsights_skip_tracking":false,"_monsterinsights_sitenote_active":false,"_monsterinsights_sitenote_note":"","_monsterinsights_sitenote_category":0,"footnotes":""},"class_list":["post-1458","page","type-page","status-publish","hentry"],"aioseo_notices":[],"_links":{"self":[{"href":"http:\/\/ipcb-rj.com.br\/index.php?rest_route=\/wp\/v2\/pages\/1458","targetHints":{"allow":["GET"]}}],"collection":[{"href":"http:\/\/ipcb-rj.com.br\/index.php?rest_route=\/wp\/v2\/pages"}],"about":[{"href":"http:\/\/ipcb-rj.com.br\/index.php?rest_route=\/wp\/v2\/types\/page"}],"author":[{"embeddable":true,"href":"http:\/\/ipcb-rj.com.br\/index.php?rest_route=\/wp\/v2\/users\/1"}],"replies":[{"embeddable":true,"href":"http:\/\/ipcb-rj.com.br\/index.php?rest_route=%2Fwp%2Fv2%2Fcomments&post=1458"}],"version-history":[{"count":2,"href":"http:\/\/ipcb-rj.com.br\/index.php?rest_route=\/wp\/v2\/pages\/1458\/revisions"}],"predecessor-version":[{"id":1462,"href":"http:\/\/ipcb-rj.com.br\/index.php?rest_route=\/wp\/v2\/pages\/1458\/revisions\/1462"}],"wp:attachment":[{"href":"http:\/\/ipcb-rj.com.br\/index.php?rest_route=%2Fwp%2Fv2%2Fmedia&parent=1458"}],"curies":[{"name":"wp","href":"https:\/\/api.w.org\/{rel}","templated":true}]}}

<div data-elementor-type="wp-page" data-elementor-id="1458" class="elementor elementor-1458">
						<section class="elementor-section elementor-top-section elementor-element elementor-element-6a8cb327 elementor-section-boxed elementor-section-height-default elementor-section-height-default" data-id="6a8cb327" data-element_type="section">
						<div class="elementor-container elementor-column-gap-default">
					<div class="elementor-column elementor-col-100 elementor-top-column elementor-element elementor-element-619eb56b" data-id="619eb56b" data-element_type="column">
			<div class="elementor-widget-wrap">
							</div>
		</div>
					</div>
		</section>
				<section class="elementor-section elementor-top-section elementor-element elementor-element-aff99a6 elementor-section-boxed elementor-section-height-default elementor-section-height-default" data-id="aff99a6" data-element_type="section">
						<div class="elementor-container elementor-column-gap-default">
					<div class="elementor-column elementor-col-100 elementor-top-column elementor-element elementor-element-71f06ceb" data-id="71f06ceb" data-element_type="column">
			<div class="elementor-widget-wrap elementor-element-populated">
						<div class="elementor-element elementor-element-2bf3c327 elementor-widget elementor-widget-heading" data-id="2bf3c327" data-element_type="widget" data-widget_type="heading.default">
				<div class="elementor-widget-container">
			<style>/*! elementor - v3.21.0 - 08-05-2024 */
.elementor-heading-title{padding:0;margin:0;line-height:1}.elementor-widget-heading .elementor-heading-title[class*=elementor-size-]>a{color:inherit;font-size:inherit;line-height:inherit}.elementor-widget-heading .elementor-heading-title.elementor-size-small{font-size:15px}.elementor-widget-heading .elementor-heading-title.elementor-size-medium{font-size:19px}.elementor-widget-heading .elementor-heading-title.elementor-size-large{font-size:29px}.elementor-widget-heading .elementor-heading-title.elementor-size-xl{font-size:39px}.elementor-widget-heading .elementor-heading-title.elementor-size-xxl{font-size:59px}</style><h2 class="elementor-heading-title elementor-size-default">AGENDA CULTURAL</h2>		</div>
				</div>
					</div>
		</div>
					</div>
		</section>
				<section class="elementor-section elementor-top-section elementor-element elementor-element-3e571b8e elementor-section-boxed elementor-section-height-default elementor-section-height-default" data-id="3e571b8e" data-element_type="section">
						<div class="elementor-container elementor-column-gap-default">
					<div class="elementor-column elementor-col-100 elementor-top-column elementor-element elementor-element-6bd5f308" data-id="6bd5f308" data-element_type="column">
			<div class="elementor-widget-wrap elementor-element-populated">
						<div class="elementor-element elementor-element-5d1a8cd5 elementor-grid-3 elementor-grid-tablet-2 elementor-grid-mobile-1 elementor-posts--thumbnail-top elementor-posts--show-avatar elementor-card-shadow-yes elementor-posts__hover-gradient elementor-widget elementor-widget-posts" data-id="5d1a8cd5" data-element_type="widget" data-settings="{&quot;cards_columns&quot;:&quot;3&quot;,&quot;cards_columns_tablet&quot;:&quot;2&quot;,&quot;cards_columns_mobile&quot;:&quot;1&quot;,&quot;cards_row_gap&quot;:{&quot;unit&quot;:&quot;px&quot;,&quot;size&quot;:35,&quot;sizes&quot;:[]},&quot;cards_row_gap_tablet&quot;:{&quot;unit&quot;:&quot;px&quot;,&quot;size&quot;:&quot;&quot;,&quot;sizes&quot;:[]},&quot;cards_row_gap_mobile&quot;:{&quot;unit&quot;:&quot;px&quot;,&quot;size&quot;:&quot;&quot;,&quot;sizes&quot;:[]}}" data-widget_type="posts.cards">
				<div class="elementor-widget-container">
			<link rel="stylesheet" href="http://ipcb-rj.com.br/wp-content/plugins/elementor-pro/assets/css/widget-posts.min.css">		<div class="elementor-posts-container elementor-posts elementor-posts--skin-cards elementor-grid">
				<article class="elementor-post elementor-grid-item post-1653 post type-post status-publish format-standard has-post-thumbnail hentry category-agenda-cultural">
			<div class="elementor-post__card">
				<a class="elementor-post__thumbnail__link" href="http://ipcb-rj.com.br/?p=1653" ><div class="elementor-post__thumbnail"><img fetchpriority="high" decoding="async" width="300" height="200" src="http://ipcb-rj.com.br/wp-content/uploads/2023/03/Celebracao-Muzenza-300x200.jpg" class="attachment-medium size-medium wp-image-1654" alt="" srcset="http://ipcb-rj.com.br/wp-content/uploads/2023/03/Celebracao-Muzenza-300x200.jpg 300w, http://ipcb-rj.com.br/wp-content/uploads/2023/03/Celebracao-Muzenza.jpg 600w" sizes="(max-width: 300px) 100vw, 300px" /></div></a>
				<div class="elementor-post__badge">Agenda Cultural</div>
				<div class="elementor-post__avatar">
			<img alt='Direção Cultural' src='https://secure.gravatar.com/avatar/404382722d0ff189f629fa041de2ecfbe646a0f2b6924b7c18620845f046e464?s=128&#038;d=mm&#038;r=g' srcset='https://secure.gravatar.com/avatar/404382722d0ff189f629fa041de2ecfbe646a0f2b6924b7c18620845f046e464?s=256&#038;d=mm&#038;r=g 2x' class='avatar avatar-128 photo' height='128' width='128' />		</div>
				<div class="elementor-post__text">
				<h3 class="elementor-post__title">
			<a href="http://ipcb-rj.com.br/?p=1653" >
				Celebração e memória de Carukango			</a>
		</h3>
				<div class="elementor-post__excerpt">
			<p>No dia 31 de março de 1831, iniciava-se a invasão do Quilombo do Carukango, o maior do Estado do RJ pela terceira vez e comandada</p>
		</div>
					<a class="elementor-post__read-more" href="http://ipcb-rj.com.br/?p=1653" >
				LEIA  »			</a>
				</div>
				<div class="elementor-post__meta-data">
					<span class="elementor-post-date">
			March 29, 2023		</span>
				</div>
					</div>
		</article>
				<article class="elementor-post elementor-grid-item post-447 post type-post status-publish format-standard has-post-thumbnail hentry category-agenda-cultural">
			<div class="elementor-post__card">
				<a class="elementor-post__thumbnail__link" href="http://ipcb-rj.com.br/?p=447" ><div class="elementor-post__thumbnail"><img decoding="async" width="300" height="199" src="http://ipcb-rj.com.br/wp-content/uploads/2018/05/feijoada-300x199.jpg" class="attachment-medium size-medium wp-image-1448" alt="" srcset="http://ipcb-rj.com.br/wp-content/uploads/2018/05/feijoada-300x199.jpg 300w, http://ipcb-rj.com.br/wp-content/uploads/2018/05/feijoada-768x510.jpg 768w, http://ipcb-rj.com.br/wp-content/uploads/2018/05/feijoada.jpg 1024w" sizes="(max-width: 300px) 100vw, 300px" /></div></a>
				<div class="elementor-post__badge">Agenda Cultural</div>
				<div class="elementor-post__avatar">
			<img alt='Direção Cultural' src='https://secure.gravatar.com/avatar/404382722d0ff189f629fa041de2ecfbe646a0f2b6924b7c18620845f046e464?s=128&#038;d=mm&#038;r=g' srcset='https://secure.gravatar.com/avatar/404382722d0ff189f629fa041de2ecfbe646a0f2b6924b7c18620845f046e464?s=256&#038;d=mm&#038;r=g 2x' class='avatar avatar-128 photo' height='128' width='128' />		</div>
				<div class="elementor-post__text">
				<h3 class="elementor-post__title">
			<a href="http://ipcb-rj.com.br/?p=447" >
				VI Feijoada da Liberdade &#8211; Quilombo da Machadinha (Quissamã &#8211; RJ)			</a>
		</h3>
				<div class="elementor-post__excerpt">
			<p>Uma viagem às raízes africanas. Assim pode ser definida a programação elaborada para a VI Feijoada da Liberdade, que será realizada neste sábado (19), na</p>
		</div>
					<a class="elementor-post__read-more" href="http://ipcb-rj.com.br/?p=447" >
				LEIA  »			</a>
				</div>
				<div class="elementor-post__meta-data">
					<span class="elementor-post-date">
			May 16, 2018		</span>
				</div>
					</div>
		</article>
				<article class="elementor-post elementor-grid-item post-233 post type-post status-publish format-standard has-post-thumbnail hentry category-agenda-cultural">
			<div class="elementor-post__card">
				<a class="elementor-post__thumbnail__link" href="http://ipcb-rj.com.br/?p=233" ><div class="elementor-post__thumbnail"><img decoding="async" width="300" height="220" src="http://ipcb-rj.com.br/wp-content/uploads/2013/02/favelas-300x220.jpg" class="attachment-medium size-medium wp-image-234" alt="" srcset="http://ipcb-rj.com.br/wp-content/uploads/2013/02/favelas-300x220.jpg 300w, http://ipcb-rj.com.br/wp-content/uploads/2013/02/favelas-320x235.jpg 320w, http://ipcb-rj.com.br/wp-content/uploads/2013/02/favelas.jpg 640w" sizes="(max-width: 300px) 100vw, 300px" /></div></a>
				<div class="elementor-post__badge">Agenda Cultural</div>
				<div class="elementor-post__avatar">
			<img alt='Direção Cultural' src='https://secure.gravatar.com/avatar/404382722d0ff189f629fa041de2ecfbe646a0f2b6924b7c18620845f046e464?s=128&#038;d=mm&#038;r=g' srcset='https://secure.gravatar.com/avatar/404382722d0ff189f629fa041de2ecfbe646a0f2b6924b7c18620845f046e464?s=256&#038;d=mm&#038;r=g 2x' class='avatar avatar-128 photo' height='128' width='128' />		</div>
				<div class="elementor-post__text">
				<h3 class="elementor-post__title">
			<a href="http://ipcb-rj.com.br/?p=233" >
				Mapeamento cultural das Favelas			</a>
		</h3>
				<div class="elementor-post__excerpt">
			<p>Para o geógrafo Jorge Barbosa, a favela tem uma riqueza e uma pluralidade cultural desconhecidas e não reconhecidas. Porque as pessoas podem até conhecer, mas</p>
		</div>
					<a class="elementor-post__read-more" href="http://ipcb-rj.com.br/?p=233" >
				LEIA  »			</a>
				</div>
				<div class="elementor-post__meta-data">
					<span class="elementor-post-date">
			February 16, 2013		</span>
				</div>
					</div>
		</article>
				</div>


		
				</div>
				</div>
					</div>
		</div>
					</div>
		</section>
				</div>
